12 = -0*w - 3*r. Let f = 583 - 424. Calculate the highest common divisor of f and w.
3
Let m(z) = 2*z**3 - z**3 - 6*z - 18*z**2 + 7*z + 71 + 12*z. Let c be m(17). Let p = -8 + 23. Calculate the greatest common divisor of c and p.
3
Let g be (8 - -21) + 7 - 16. Suppose -33*a = -32*a - 1340. What is the greatest common factor of a and g?
20
Suppose -v = -3*n - 5199, v - 5852 + 632 = -4*n. What is the greatest common divisor of 12 and v?
12
Suppose u + 9*u = -2*u + 1512. What is the greatest common divisor of u and 700?
14
Let v = -2 - 0. Let f be (-1 - 13)*(v - -1). Suppose 0 = -1530*w + 1515*w + 1680. Calculate the greatest common factor of w and f.
14
Let h be ((-4)/3)/(-4)*(60 - -18). What is the greatest common factor of 12805 and h?
13
Let q = -5358 - -5573. What is the greatest common factor of q and 3569?
43
Let u be (9/(-4))/(((-73)/219)/((-596)/(-9))). Calculate the highest common factor of u and 6.
3
Let u be (-1)/(1/154) + (82 - 83). Let f = 171 + u. Calculate the greatest common divisor of 144 and f.
16
Let v be 11*((-2)/2)/(-1). Suppose -60 = -5*c - 5*n, -4*c + 4*n - 18 = -5*c. Suppose c*i = v*i - 19. What is the greatest common divisor of i and 152?
19
Suppose -g + 61 = -327. Suppose 3*d = 5*m + 1664, 14*d = 17*d - 4*m - 1660. Suppose -3*k + g + d = 0. What is the highest common divisor of k and 39?
39
Let j be ((45/9*1 - 0) + 5470)/1. What is the greatest common factor of 200 and j?
25
Let x be -2 + 5 + -5 + -321 + 1. Let g = x - -341. What is the greatest common divisor of g and 475?
19
Suppose 4*b = -4*x + 6800, -4*x = 15*b - 10*b - 6798. What is the highest common divisor of x and 115?
23
Suppose -3*o - 9 + 12 = 0. Let m(x) = 12*x**3 + 2*x**2 - 2*x + 1. Let w be m(o). Calculate the highest common divisor of 234 and w.
13
Let v(f) = -f + 8. Let a be v(6). Suppose -a*h = -13 - 41. What is the highest common divisor of h and 117?
9
Suppose 90 = 12*b - 42. Let p be 2/((-3 + 1)*-1). Let k = b - p. What is the greatest common divisor of k and 10?
10
Let w = -126 + 246. Let n(f) = -19*f**2 + f - 1. Let a be n(1). Let y(h) = -h**2 - 20*h - 4. Let t be y(a). Calculate the highest common factor of w and t.
15
Let z = -400 - -405. Suppose -15*p + 12*p = -5*c - 34, -69 = -z*p - 4*c. Calculate the greatest common divisor of 13 and p.
13
Let o(t) = 1 - t**2 + 11*t**3 + 5*t - 9*t**3 - 4*t. Let x be o(2). Suppose -x = -4*c + 381. Calculate the greatest common factor of c and 9.
9
Let t be (-359800)/(-14) - (3 + -5)*-2. Calculate the greatest common divisor of t and 44.
44
Let q be (3127040/5235)/(4/6). Let b be (3 + -1)/(6/21). What is the greatest common factor of q and b?
7
Let r(j) = 5*j**2 - 22*j - 32. Let c be r(6). Let f be 56/(-6)*-36*1. What is the highest common factor of f and c?
16
Let v(g) = -33*g + 113. Let h be v(11). Let n = h + 384. Calculate the highest common factor of 201 and n.
67
Let j(y) = -2*y**3 + 30*y**2 - 22*y - 37. Let c be j(14). Calculate the greatest common factor of c and 2021.
47
Let a = -326 + 357. Let x = 5 + -2. Suppose 4*g - a + x = 0. Calculate the greatest common factor of g and 56.
7
Let q = -22752 + 22754. What is the greatest common divisor of 140 and q?
2
Suppose 66*t = 91*t - 1725. Calculate the greatest common divisor of t and 4209.
69
Let b(q) = -6*q + 2. Let i be b(-3). Suppose -5*m + 195 = 2*x, -m + i + 19 = 4*x. Let v be (6 - (3 - -2))*65. Calculate the greatest common divisor of m and v.
13
Suppose -18 = -2*k - 6. Suppose g + 232 = 5*b + 38, -2*b - 3*g = -81. Calculate the highest common factor of k and b.
3
Let f(k) = 6*k**2 + 2*k - 17. Let z be f(-5). Let t = 200 - 159. What is the highest common factor of z and t?
41
Let c = 1308 - -378. Suppose -47*m - c = -49*m. Suppose 5*d - 828 = 4*g, -5*d + 4*g + m = 5*g. Calculate the highest common factor of 21 and d.
21
Suppose 0 = -3*j + 3*d + 24, 3*d + 52 = 4*j + 4*d. What is the highest common factor of 1348 and j?
4
Let p be 2*-3 + 29 + -8. Suppose 0 = -5*d + 5*z + 290, -d = -4*z + p - 85. What is the greatest common factor of 3 and d?
3
Let p be ((-4)/36)/(25/(-1050))*(-36)/(-14). What is the highest common factor of 30 and p?
6
Let p = 221 + -146. Suppose 5914*f = 7047*f - 220935. Calculate the highest common divisor of f and p.
15
Suppose 10*j - 456 - 14 = 0. Suppose 0 = -9*n + 34 + j. What is the highest common factor of n and 63?
9
Let w be (-7848)/(-132) - 6 - 6/(-11). Calculate the greatest common divisor of 1506 and w.
6
Let z = 9028 - 8923. What is the highest common divisor of 6075 and z?
15
Let h = 5562 - 1898. What is the highest common divisor of 16 and h?
16
Suppose 72*a - 74*a - 3*z = -87, a - 39 = -3*z. Calculate the highest common factor of a and 996.
12
Let f be 3 - (1 - 0) - -72. Let x(k) = -39 + f - k - 43. Let u be x(-11). What is the highest common factor of u and 1?
1
Let c(d) = -d**3 - 43*d**2 + 89*d - 15. Let v be c(-45). Let q = 232 + -197. What is the highest common divisor of v and q?
5
Let s be (-14096)/(-27) - (-32)/(-432). Let t = -852 - -870. Calculate the greatest common divisor of t and s.
18
Let t(w) = -218*w - 223. Let u be t(-11). What is the greatest common divisor of 1914 and u?
87
Let v be ((-284)/(-8) - 1 - 4)*-6. Let z = 191 + v. Calculate the greatest common factor of z and 184.
8
Let o be ((-4)/8 - 0)/(2/36). Let m(n) = n**3 + 10*n**2 + 2*n - 8. Let d be m(o). Suppose -2*l + d = 29. What is the greatest common factor of 91 and l?
13
Let s(g) = 384*g - 1057. Let i be s(35). What is the highest common divisor of 7 and i?
7
Suppose 25*t - 120734 = 70291. Calculate the greatest common divisor of t and 54.
27
Let r(c) = -c**3 + 6*c**2 - 7*c - 31. Let o be r(-3). What is the greatest common factor of o and 2982?
71
Let j = 0 - -8. Let y(h) = 152*h**3 - 5*h**2 + 4*h. Let v be y(1). Suppose -159*f = -v*f - 128. Calculate the highest common divisor of f and j.
8
Let j(b) be the first derivative of -8*b + 2/3*b**3 + 22 + 1/2*b**2. Let h be j(2). Calculate the highest common divisor of h and 20.
2
Let j be 2 - 184/(-13) - (4774/(-403) - -12). Calculate the greatest common factor of j and 5744.
16
Suppose l - 41 - 23 = 0. Let u be 92/6 + 8*(-9)/(-108). Calculate the highest common divisor of u and l.
16
Suppose 191370 - 79667 = 658*c - 145575. Suppose 0*l + l = 17. What is the highest common divisor of c and l?
17
Let q = 400 + -175. Let t = -22 - 3. Let c = 0 - t. Calculate the greatest common divisor of q and c.
25
Let c(k) = -k**3 + 34*k**2 - 205*k - 63. Let a be c(26). Suppose -2*j - 3*j - 105 = -5*l, 0 = 2*j - 6. Calculate the greatest common divisor of a and l.
3
Let u = 246 - 231. Let k be u + 1/((-5)/(-15)). What is the greatest common divisor of 6 and k?
6
Let x = -2204 + 2519. Calculate the highest common divisor of x and 2730.
105
Let o be (323 - 216/18) + -26. Calculate the highest common factor of 6365 and o.
95
Suppose 21519337 = 566*a + 6887671. Calculate the greatest common factor of 21 and a.
21
Let r be ((-9)/5)/((-8824)/880 - -10). Let k = 252 - r. Calculate the highest common divisor of k and 93.
93
Let f(n) = 55*n**2 + 19*n + 16. Let x be f(-8). Suppose 38*z = x + 6192. Calculate the greatest common divisor of 36 and z.
36
Suppose 2*s - 265 = -3*a, 0 = -4*a + 5*s + 504 - 143. Suppose g + 2*x = -2*g + a, g = x + 38. Calculate the highest common factor of 297 and g.
33
Let k be (102/170)/((-1124)/(-1120) + -1). Calculate the highest common divisor of 441 and k.
21
Let y = -2986 - -2996. Calculate the highest common divisor of y and 18.
2
Suppose -2*m = 2 - 10. Suppose -4*t + 3*t = f - 4, -m*t + 3*f = -16. Suppose t*c - 66 = 94. What is the greatest common factor of c and 5?
5
Let j(a) = 19*a + 297. Let l be j(-8). What is the greatest common divisor of 44515 and l?
145
Suppose 22*i + 20*i = -26*i + 1768. Calculate the highest common divisor of i and 10.
2
Let l be -2 + (2 - -6) + -6. Suppose 20*a - 11862 + 342 = l. Calculate the highest common factor of a and 64.
64
Suppose 0 = q - 2 + 4, 0 = -4*g - q + 82. Suppose g = 4*c - 35. Suppose 0 = 12*w - 11*w - 56. Calculate the highest common divisor of c and w.
14
Suppose y + 70 = 3*y. Let h = -6 + y. Suppose 4*i - 1580 = -304. Calculate the greatest common factor of i and h.
29
Let c be 480/(-14)*(2 - 9). Suppose 24*z = 35 - 227. Let t be 29 + z*